{"id":7,"date":"2012-05-09T09:00:26","date_gmt":"2012-05-09T09:00:26","guid":{"rendered":"http:\/\/www.gospelchor-sustrum-moor.de\/?page_id=7"},"modified":"2024-04-22T20:09:30","modified_gmt":"2024-04-22T19:09:30","slug":"home","status":"publish","type":"page","link":"https:\/\/www.gospelchor-sustrum-moor.de\/","title":{"rendered":"Herzlich willkommen"},"content":{"rendered":"<div id=\"pl-7\"  class=\"panel-layout\" ><div id=\"pg-7-0\"  class=\"panel-grid panel-has-style\" ><div class=\"panel-row-style panel-row-style-for-7-0\" ><div id=\"pgc-7-0-0\"  class=\"panel-grid-cell\" ><div id=\"panel-7-0-0-0\" class=\"so-panel widget widget_sow-image panel-first-child panel-last-child\" data-index=\"0\" ><div class=\"panel-widget-style panel-widget-style-for-7-0-0-0\" ><div\n\t\t\t\n\t\t\tclass=\"so-widget-sow-image so-widget-sow-image-default-c67d20f9f743-7\"\n\t\t\t\n\t\t>\n\n<div class=\"sow-image-container\">\n\t\t<img decoding=\"async\" src=\"https:\/\/www.gospelchor-sustrum-moor.de\/wp-content\/uploads\/2024\/04\/DSC_6210.NEF_-scaled.jpg\" width=\"2560\" height=\"1709\" srcset=\"https:\/\/www.gospelchor-sustrum-moor.de\/wp-content\/uploads\/2024\/04\/DSC_6210.NEF_-scaled.jpg 2560w, https:\/\/www.gospelchor-sustrum-moor.de\/wp-content\/uploads\/2024\/04\/DSC_6210.NEF_-300x200.jpg 300w, https:\/\/www.gospelchor-sustrum-moor.de\/wp-content\/uploads\/2024\/04\/DSC_6210.NEF_-1024x684.jpg 1024w, https:\/\/www.gospelchor-sustrum-moor.de\/wp-content\/uploads\/2024\/04\/DSC_6210.NEF_-768x513.jpg 768w, https:\/\/www.gospelchor-sustrum-moor.de\/wp-content\/uploads\/2024\/04\/DSC_6210.NEF_-1536x1025.jpg 1536w, https:\/\/www.gospelchor-sustrum-moor.de\/wp-content\/uploads\/2024\/04\/DSC_6210.NEF_-2048x1367.jpg 2048w, https:\/\/www.gospelchor-sustrum-moor.de\/wp-content\/uploads\/2024\/04\/DSC_6210.NEF_-272x182.jpg 272w\" sizes=\"(max-width: 2560px) 100vw, 2560px\" title=\"DSC_6210.NEF\" alt=\"\" loading=\"lazy\" \t\tclass=\"so-widget-image\"\/>\n\t<\/div>\n\n<\/div><\/div><\/div><\/div><\/div><\/div><div id=\"pg-7-1\"  class=\"panel-grid panel-no-style\" ><div id=\"pgc-7-1-0\"  class=\"panel-grid-cell\" ><div id=\"panel-7-1-0-0\" class=\"so-panel widget widget_sow-editor panel-first-child panel-last-child\" data-index=\"1\" ><div class=\"panel-widget-style panel-widget-style-for-7-1-0-0\" ><div\n\t\t\t\n\t\t\tclass=\"so-widget-sow-editor so-widget-sow-editor-base\"\n\t\t\t\n\t\t>\n<div class=\"siteorigin-widget-tinymce textwidget\">\n\t<h1 style=\"text-align: center;\">Herzlich willkommen!<\/h1>\n<p style=\"text-align: center;\">Der Gospelchor Sustrum-Moor aus dem Emsland singt und tanzt seit 1999 zu Gospelsongs aus aller Welt. Wer uns h\u00f6ren und sehen m\u00f6chte, schaut einfach in unseren <a title=\"Terminplan\" href=\"http:\/\/www.gospelchor-sustrum-moor.de\/?page_id=14\">Terminplan<\/a>. Und&nbsp;wer Lust hat, mitzumachen, ist nat\u00fcrlich herzlich eingeladen. Schaut&nbsp;die Probentermine&nbsp;nach und kommt vorbei oder meldet Euch \u00fcber unsere <a title=\"Kontakt-Formular\" href=\"http:\/\/www.gospelchor-sustrum-moor.de\/?page_id=99\">Kontakt-Seite.<\/a><\/p>\n<p style=\"text-align: center;\"><em>Euer Gospelchor Sustrum-Moor<\/em><\/p>\n<\/div>\n<\/div><\/div><\/div><\/div><\/div><div id=\"pg-7-2\"  class=\"panel-grid panel-has-style\" ><div class=\"siteorigin-panels-stretch panel-row-style panel-row-style-for-7-2\" id=\"work\" data-stretch-type=\"full\" ><div id=\"pgc-7-2-0\"  class=\"panel-grid-cell\" ><div id=\"panel-7-2-0-0\" class=\"so-panel widget widget_sow-image-grid panel-first-child panel-last-child\" data-index=\"2\" ><div class=\"panel-widget-style panel-widget-style-for-7-2-0-0\" ><div\n\t\t\t\n\t\t\tclass=\"so-widget-sow-image-grid so-widget-sow-image-grid-default-46e3cddde1e5-7\"\n\t\t\t\n\t\t>\t<div\n\t\tclass=\"sow-image-grid-wrapper\"\n\t\tdata-max-width=\"300\"\t\tdata-max-height=\"300\"\t>\n\t\t\t\t\t<div class=\"sow-image-grid-image\">\n\t\t\t\t\t\t\t\t\t\t\t\t<img decoding=\"async\" width=\"300\" height=\"200\" src=\"https:\/\/www.gospelchor-sustrum-moor.de\/wp-content\/uploads\/2016\/02\/IMG_1655-300x200.jpg\" class=\"sow-image-grid-image_html\" alt=\"\" title=\"\" loading=\"lazy\" srcset=\"https:\/\/www.gospelchor-sustrum-moor.de\/wp-content\/uploads\/2016\/02\/IMG_1655-300x200.jpg 300w, https:\/\/www.gospelchor-sustrum-moor.de\/wp-content\/uploads\/2016\/02\/IMG_1655.jpg 1024w\" sizes=\"(max-width: 300px) 100vw, 300px\" \/>\t\t\t\t\t\t\t\t\t\t\t<\/div>\n\t\t\t\t\t<div class=\"sow-image-grid-image\">\n\t\t\t\t\t\t\t\t\t\t\t\t<img decoding=\"async\" width=\"300\" height=\"200\" src=\"https:\/\/www.gospelchor-sustrum-moor.de\/wp-content\/uploads\/2014\/01\/DSC01192-300x200.jpg\" class=\"sow-image-grid-image_html\" alt=\"\" title=\"\" loading=\"lazy\" srcset=\"https:\/\/www.gospelchor-sustrum-moor.de\/wp-content\/uploads\/2014\/01\/DSC01192-300x200.jpg 300w, https:\/\/www.gospelchor-sustrum-moor.de\/wp-content\/uploads\/2014\/01\/DSC01192.jpg 1024w\" sizes=\"(max-width: 300px) 100vw, 300px\" \/>\t\t\t\t\t\t\t\t\t\t\t<\/div>\n\t\t\t\t\t<div class=\"sow-image-grid-image\">\n\t\t\t\t\t\t\t\t\t\t\t\t<img decoding=\"async\" width=\"300\" height=\"199\" src=\"https:\/\/www.gospelchor-sustrum-moor.de\/wp-content\/uploads\/2014\/01\/DSC01112-300x199.jpg\" class=\"sow-image-grid-image_html\" alt=\"\" title=\"\" loading=\"lazy\" srcset=\"https:\/\/www.gospelchor-sustrum-moor.de\/wp-content\/uploads\/2014\/01\/DSC01112-300x199.jpg 300w, https:\/\/www.gospelchor-sustrum-moor.de\/wp-content\/uploads\/2014\/01\/DSC01112.jpg 1024w\" sizes=\"(max-width: 300px) 100vw, 300px\" \/>\t\t\t\t\t\t\t\t\t\t\t<\/div>\n\t\t\t<\/div>\n<\/div><\/div><\/div><\/div><\/div><\/div><div id=\"pg-7-3\"  class=\"panel-grid panel-has-style\" ><div class=\"siteorigin-panels-stretch panel-row-style panel-row-style-for-7-3\" id=\"work1\" data-stretch-type=\"full\" ><div id=\"pgc-7-3-0\"  class=\"panel-grid-cell\" ><div id=\"panel-7-3-0-0\" class=\"so-panel widget widget_sow-image-grid panel-first-child panel-last-child\" data-index=\"3\" ><div class=\"panel-widget-style panel-widget-style-for-7-3-0-0\" ><div\n\t\t\t\n\t\t\tclass=\"so-widget-sow-image-grid so-widget-sow-image-grid-default-46e3cddde1e5-7\"\n\t\t\t\n\t\t>\t<div\n\t\tclass=\"sow-image-grid-wrapper\"\n\t\tdata-max-width=\"300\"\t\tdata-max-height=\"300\"\t>\n\t\t\t\t\t<div class=\"sow-image-grid-image\">\n\t\t\t\t\t\t\t\t\t\t\t\t<img decoding=\"async\" width=\"199\" height=\"300\" src=\"https:\/\/www.gospelchor-sustrum-moor.de\/wp-content\/uploads\/2014\/01\/DSC01158-199x300.jpg\" class=\"sow-image-grid-image_html\" alt=\"\" title=\"\" loading=\"lazy\" srcset=\"https:\/\/www.gospelchor-sustrum-moor.de\/wp-content\/uploads\/2014\/01\/DSC01158-199x300.jpg 199w, https:\/\/www.gospelchor-sustrum-moor.de\/wp-content\/uploads\/2014\/01\/DSC01158.jpg 510w\" sizes=\"(max-width: 199px) 100vw, 199px\" \/>\t\t\t\t\t\t\t\t\t\t\t<\/div>\n\t\t\t\t\t<div class=\"sow-image-grid-image\">\n\t\t\t\t\t\t\t\t\t\t\t\t<img decoding=\"async\" width=\"200\" height=\"300\" src=\"https:\/\/www.gospelchor-sustrum-moor.de\/wp-content\/uploads\/2013\/04\/aufnahme-200x300.jpg\" class=\"sow-image-grid-image_html\" alt=\"\" title=\"\" loading=\"lazy\" srcset=\"https:\/\/www.gospelchor-sustrum-moor.de\/wp-content\/uploads\/2013\/04\/aufnahme-200x300.jpg 200w, https:\/\/www.gospelchor-sustrum-moor.de\/wp-content\/uploads\/2013\/04\/aufnahme.jpg 500w\" sizes=\"(max-width: 200px) 100vw, 200px\" \/>\t\t\t\t\t\t\t\t\t\t\t<\/div>\n\t\t\t<\/div>\n<\/div><\/div><\/div><\/div><\/div><\/div><\/div>","protected":false},"excerpt":{"rendered":"<p>Herzlich willkommen! Der Gospelchor Sustrum-Moor aus dem Emsland singt und tanzt seit 1999 zu Gospelsongs aus aller Welt. Wer uns h\u00f6ren und sehen m\u00f6chte, schaut einfach in unseren Terminplan. Und&nbsp;wer Lust hat, mitzumachen, ist nat\u00fcrlich herzlich eingeladen. Schaut&nbsp;die Probentermine&nbsp;nach und kommt vorbei oder meldet Euch \u00fcber unsere Kontakt-Seite. Euer Gospelchor Sustrum-Moor<\/p>\n","protected":false},"author":1,"featured_media":0,"parent":0,"menu_order":0,"comment_status":"closed","ping_status":"closed","template":"","meta":{"site-sidebar-layout":"no-sidebar","site-content-layout":"plain-container","ast-site-content-layout":"normal-width-container","site-content-style":"unboxed","site-sidebar-style":"unboxed","ast-global-header-display":"","ast-banner-title-visibility":"","ast-main-header-display":"","ast-hfb-above-header-display":"","ast-hfb-below-header-display":"","ast-hfb-mobile-header-display":"","site-post-title":"disabled","ast-breadcrumbs-content":"","ast-featured-img":"","footer-sml-layout":"","theme-transparent-header-meta":"disabled","adv-header-id-meta":"","stick-header-meta":"","header-above-stick-meta":"","header-main-stick-meta":"","header-below-stick-meta":"","astra-migrate-meta-layouts":"set","ast-page-background-enabled":"default","ast-page-background-meta":{"desktop":{"background-color":"var(--ast-global-color-4)","background-image":"","background-repeat":"repeat","background-position":"center center","background-size":"auto","background-attachment":"scroll","background-type":"","background-media":"","overlay-type":"","overlay-color":"","overlay-gradient":""},"tablet":{"background-color":"","background-image":"","background-repeat":"repeat","background-position":"center center","background-size":"auto","background-attachment":"scroll","background-type":"","background-media":"","overlay-type":"","overlay-color":"","overlay-gradient":""},"mobile":{"background-color":"","background-image":"","background-repeat":"repeat","background-position":"center center","background-size":"auto","background-attachment":"scroll","background-type":"","background-media":"","overlay-type":"","overlay-color":"","overlay-gradient":""}},"ast-content-background-meta":{"desktop":{"background-color":"var(--ast-global-color-5)","background-image":"","background-repeat":"repeat","background-position":"center center","background-size":"auto","background-attachment":"scroll","background-type":"","background-media":"","overlay-type":"","overlay-color":"","overlay-gradient":""},"tablet":{"background-color":"var(--ast-global-color-5)","background-image":"","background-repeat":"repeat","background-position":"center center","background-size":"auto","background-attachment":"scroll","background-type":"","background-media":"","overlay-type":"","overlay-color":"","overlay-gradient":""},"mobile":{"background-color":"var(--ast-global-color-5)","background-image":"","background-repeat":"repeat","background-position":"center center","background-size":"auto","background-attachment":"scroll","background-type":"","background-media":"","overlay-type":"","overlay-color":"","overlay-gradient":""}},"ngg_post_thumbnail":0,"footnotes":""},"_links":{"self":[{"href":"https:\/\/www.gospelchor-sustrum-moor.de\/index.php?rest_route=\/wp\/v2\/pages\/7"}],"collection":[{"href":"https:\/\/www.gospelchor-sustrum-moor.de\/index.php?rest_route=\/wp\/v2\/pages"}],"about":[{"href":"https:\/\/www.gospelchor-sustrum-moor.de\/index.php?rest_route=\/wp\/v2\/types\/page"}],"author":[{"embeddable":true,"href":"https:\/\/www.gospelchor-sustrum-moor.de\/index.php?rest_route=\/wp\/v2\/users\/1"}],"replies":[{"embeddable":true,"href":"https:\/\/www.gospelchor-sustrum-moor.de\/index.php?rest_route=%2Fwp%2Fv2%2Fcomments&post=7"}],"version-history":[{"count":1,"href":"https:\/\/www.gospelchor-sustrum-moor.de\/index.php?rest_route=\/wp\/v2\/pages\/7\/revisions"}],"predecessor-version":[{"id":1512,"href":"https:\/\/www.gospelchor-sustrum-moor.de\/index.php?rest_route=\/wp\/v2\/pages\/7\/revisions\/1512"}],"wp:attachment":[{"href":"https:\/\/www.gospelchor-sustrum-moor.de\/index.php?rest_route=%2Fwp%2Fv2%2Fmedia&parent=7"}],"curies":[{"name":"wp","href":"https:\/\/api.w.org\/{rel}","templated":true}]}}